the remainder when w is divided by i(-5).
5
What is the remainder when 511 is divided by (-12)/(-20) - (-1347)/5?
241
Let p = 39 - 36. Suppose 2*b - 2 = 0, -h + p*b + 57 = 2*h. Let y(d) = -d**3 - 3*d**2 + 8*d + 9. Calculate the remainder when y(-6) is divided by h.
9
Let k = 44041 - 16842. What is the remainder when k is divided by 170?
169
Suppose -36 = -4*j - 2*r, -j + 4*j + 4*r - 27 = 0. Let x(c) = c**3 - 8*c**2 - 7*c + 10. Let z = -46 + 99. Calculate the remainder when z is divided by x(j).
25
Suppose -31*p = -39*p + 16. Suppose p*z + 2 - 24 = 0. What is the remainder when 548 is divided by z?
9
Let n(a) = 26*a - 107. Let b be (-15)/10*(-12)/9. Calculate the remainder when n(6) is divided by ((-5 + b)*-1)/((-6)/(-28)).
7
What is the remainder when ((-221214)/644)/(4/2 - 15/6) is divided by 99?
93
Let h(u) = -7*u - 116. Let o(y) = -22*y - 347. Let q(t) = -11*h(t) + 4*o(t). What is the remainder when (4/4)/(1/34) is divided by q(-11)?
7
Suppose -5*j - 5533 + 77102 = -3*x, 0 = -2*j - 3*x + 28657. Calculate the remainder when j is divided by 179.
177
Let d = 33 + -36. Let k be (525/5)/(-5)*1/d. Suppose -k*c + 475 = -722. What is the remainder when c is divided by 58?
55
Suppose -2*v = -106 - 142. Let a = -50 + v. What is the remainder when a is divided by 19?
17
Suppose 3*p + 2*p = 2*c - 13, 8 = 4*p + 3*c. What is the remainder when 34 is divided by (9/(-6))/(p + (-5)/(-10))?
1
Let t be 6*(-4)/32*-52. Suppose 5*u + 51 + t = 0. What is the remainder when u/(-63) + (-691)/(-7) is divided by 20?
19
Suppose 332*y = 360*y - 2016. Calculate the remainder when y is divided by 15.
12
Let i = 18818 + -18088. What is the remainder when i is divided by 87?
34
Suppose 10*h - 6 = -156. Let w be 2/5 - 324/h. Let t = w - 18. What is the remainder when 38 is divided by t?
2
Suppose 4586*j - 228 = 4567*j. What is the remainder when 668 is divided by j?
8
Suppose 0 = -u + 4*m + 39, -42*u + 37*u - 3*m = -172. What is the remainder when 3208 is divided by u?
23
Let l = 16997 + -16939. What is the remainder when (-464)/(-2) + 3 + -5 is divided by l?
56
Suppose f = -13*f + 8069 + 4321. What is the remainder when f is divided by 347?
191
Let a = -127 + 192. Suppose -3*n - 3*b = -4*n, -a = -3*n - 4*b. Let t = 19 - -39. What is the remainder when t is divided by n?
13
What is the remainder when 123 is divided by 33/429 + (-54)/26 + 23?
18
Suppose 2*f + 5*x - 461 = 0, 0 = -5*f - 3*x + 2*x + 1210. Suppose -4*w + 3*u + 292 = 0, 2*u + f = 3*w + 25. What is the remainder when w is divided by 8?
6
Let g(b) = -b**2 - 4*b - 2. Let j be g(-5). Let y(n) = -3*n**2 - 17*n + 4. Let l be y(j). What is the remainder when 2/(-6) + (-2048)/l is divided by 22?
19
Suppose -37*f = -42*f + b + 1128, 5*f + 5*b - 1140 = 0. What is the remainder when f is divided by 1/4 - (-309)/12?
18
Let b be ((-7)/21)/(6/(-90)). Suppose q - 233 = -5*m - 40, 0 = -b*q + 15. What is the remainder when 265 is divided by m?
37
Calculate the remainder when 193956/33 + (-50)/110 + 1 is divided by 84.
82
Let y(o) = 337*o**2 - 16*o + 15. Calculate the remainder when y(1) is divided by 70.
56
Let t = 50 - 548. Let w = -487 - t. Calculate the remainder when 12 is divided by w.
1
Suppose 13*c - 560 = -196. Suppose -4*o - 111 + 463 = 0. Let d = o - 72. Calculate the remainder when c is divided by d.
12
Suppose 8*o - 7640 = -4*h, 30*o + 958 = 31*o - h. What is the remainder when o is divided by 26?
20
Suppose 4*t - 48 = -4*w, 5*t = w + t - 32. Suppose 10*c = -w*c + 130. Calculate the remainder when 24 is divided by c.
4
Let l = -26076 - -29500. Calculate the remainder when l is divided by 1706.
12
Suppose -31*y + 64 = -30*y. Suppose y = 138*f - 136*f. What is the remainder when 95 is divided by f?
31
Suppose -3*v + 17 + 18 = 4*s, 65 = 7*s + 4*v. Let w(x) = 2*x**2 + 2*x - 1. Calculate the remainder when s is divided by w(-2).
2
Calculate the remainder when (10/(-7))/((-31)/3038) is divided by 5.
0
What is the remainder when (-5 + 104/(-4))*(-21 + (8 - 1)) is divided by 112?
98
Let t(c) = -c + 115. Let k be 6 - (-1 + (-2)/(-4)*4). Suppose k*v = 3*f + 154, 0*f + 2*f = -2*v + 52. Calculate the remainder when t(0) is divided by v.
28
Let b(a) = -a**3 - 11*a**2 + 14*a + 22. Let o be b(-12). Let p(q) = q**2 + 12*q - 88. Calculate the remainder when (-15 - 2)*o + 0 is divided by p(6).
14
Let w = -4122 - -4723. Calculate the remainder when w is divided by 294.
13
Let w = 3825 + -3406. Calculate the remainder when 426 is divided by w.
7
Let y = -171 - -163. What is the remainder when (-4)/(y/(-15))*(-444)/10 is divided by 24?
21
Suppose 7*z - 13 = 15. Suppose z*j - 5*r - 66 + 6 = 0, -r - 24 = -2*j. What is the remainder when 17 is divided by j?
7
Let j = 81 + -15. Suppose -13*b - 372 = -1711. Let y = b - 69. Calculate the remainder when j is divided by y.
32
Suppose v - 2*k + 5*k + 503 = 0, 2056 = -4*v - k. Let c = 549 + v. What is the remainder when 124 is divided by c?
22
Let m(f) = -f**3 - 12*f**2 + 22*f + 92. Calculate the remainder when 3165 is divided by m(-14).
173
Let r be ((-6)/(-12))/((-6)/(-60)). Suppose -2*p - n = -35, 2*p + 3*p - r*n = 65. Calculate the remainder when p is divided by 7.
2
Let k = -206 - -208. Suppose 0 = 15*g - k*g - 4628. What is the remainder when g is divided by 72?
68
Suppose -a + 27 = -3*v, -5*v - 19 - 1 = 0. Suppose -5*l - q = -63, -2*l + a = -l - q. Let p = l - -45. What is the remainder when p is divided by 20?
18
Suppose 0 = -5*n + 213 - 63. Let i = 56 - n. Suppose -6*q + i + 232 = 0. Calculate the remainder when q is divided by 9.
7
Suppose -9*f = -886 - 221. Suppose -2*r = 4*q - 174, 2*r = -2*q - q + 175. Suppose -r + 110 = m. Calculate the remainder when f is divided by m.
18
Let a(h) = 4*h + 884. What is the remainder when a(-30) is divided by 122?
32
Let c = 3789 + -2643. Let n = -1139 + c. Suppose 4*s - 8 = 48. Calculate the remainder when s is divided by n.
0
Suppose 10*i = -12*i - 660. What is the remainder when (168/20 - 2)/((-4)/i) is divided by 17?
14
Let q = 22917 - 22908. Calculate the remainder when 3834 is divided by q.
0
Let u = 14140 + -14125. What is the remainder when 1884 is divided by u?
9
Let i(k) = 3*k**3 - 2*k**2. Let m = -264105 + 264122. Calculate the remainder when i(6) is divided by m.
15
Let n(z) = z**2 - 14*z - 39. Let c(v) = -v**2 + 14*v + 37. Let b(r) = -4*c(r) - 3*n(r). What is the remainder when 19 is divided by b(16)?
0
Let c(g) = 8*g - 10. Let p(x) = x**2 + 1. Let u(r) = c(r) + p(r). Let d be u(-9). Suppose d = -5*s - 21 + 36. Calculate the remainder when 6 is divided by s.
0
Let z = -35 + 51. Suppose -5*u = -z*u - 165. Calculate the remainder when -3*(-5)/u - -25 is divided by 14.
10
Suppose -38*g + 4742 = 44*g - 5016. Calculate the remainder when 4175 is divided by g.
10
Suppose 315 - 114 = n. Suppose -6*l = 5*l + 1155. Let i = 156 + l. What is the remainder when n is divided by i?
48
Suppose -129 = -s + 376. Suppose -5*w + 0*w = -4*n + s, -w + 624 = 5*n. Suppose -22*x + 63 = -19*x. What is the remainder when n is divided by x?
20
Suppose -5*a = -2*q + 1086, 6*q + 4*a = q + 2715. Let n(l) = -3*l**3 - 5*l**2 - 20*l - 27. What is the remainder when q is divided by n(-2)?
16
Suppose -5*o + 3960 = -5*l, o - 1001 + 213 = 5*l. Let q = -623 + o. What is the remainder when q is divided by 25?
20
Suppose 5*i - 6 = -3*w - 19, -2*w + 28 = -4*i. Suppose -4*s + 80 = -2*c - 14, w*c = -2*s + 42. What is the remainder when 83 is divided by s?
14
Let w be (0/(-2))/(-8 + 6). Let a(p) = -2*p + 5 - 12 - 3*p + 6*p**2 + w*p**2. What is the remainder when a(-2) is divided by 15?
12
Suppose -q = p - 54, -5*q + 143 + 127 = -3*p. Calculate the remainder when q is divided by 43/(-430) - 7*172/(-40).
24
Suppose 5*r = 2*q - 13, -r + 6 = q - 4. Calculate the remainder when (-10)/60 - (-5 - (-1958)/(-12)) is divided by q.
6
Let b(f) = 29*f**2 + 142*f - 6. Calculate the remainder when b(-6) is divided by 15.
6
Let u = -21687 + 22186. Calculate the remainder when u is divided by 306.
193
Suppose 4*n - 17 = -2*o - 311, -4*n = -5*o - 735. Let m = o + 233. Calculate the remainder when m is divided by 11.
9
Let u(f) = -f**2 + 20*f**2 + 29 - 9*f**2 - 3*f - 9*f**2. What is the remainder when u(-12) is divided by 30?
29
Let w(f) = 3*f - 239. Let i be w(21). Let m = i - -192. Calculate th